hat is the highest common factor of h and l?
13
Let s be 20/(-25)*(0 - 5). Suppose 8 = s*w + 4*a - 4, 3*a - 12 = 0. Let o be (33 + -32)/(w - -2). Calculate the highest common divisor of 1 and o.
1
Let k(p) = -p**2 + 580*p - 7915. Let l be k(14). Suppose -11 = -3*r - 5*g, -2*r + 0 = -2*g - 2. What is the greatest common divisor of l and r?
1
Let v = -678507 + 678795. Let h be 2*1 - 0/(-2). Suppose -2*f - 4*c + 68 = 0, 106 = f + 2*f + h*c. Calculate the greatest common factor of f and v.
36
Suppose 640 = 4*l - 0*l. Let x = -173 + 202. Suppose 5*m = 3*f - 45, -f + 15*m = 18*m - x. Calculate the highest common divisor of f and l.
20
Let h be (12 - -2) + (-8)/(0 + 4). Suppose -4*m + 24 = 3*k - 0*k, -2*k = m - 11. What is the highest common divisor of m and h?
3
Let j = 9610 - 8987. Calculate the highest common divisor of j and 203.
7
Let g(b) = -324 + 321 - 6*b + 3*b. Let j be g(-2). Suppose -j*l + 4*t = -104, 2*l - 8 = -4*t + 68. What is the greatest common divisor of l and 9?
9
Let h = -1468 - -1490. Calculate the highest common factor of h and 2431.
11
Let f be (-8)/(-2) - (6 - 284). Suppose 0 = -7*x + 82 + f. Suppose -5*h + x = -398. Calculate the highest common divisor of h and 10.
10
Let b(p) = -20*p + 44. Let m be b(2). Let v be (16 - 0/3)/2. Suppose 2*l - v = 4. Calculate the highest common factor of m and l.
2
Suppose 0 = 2*c - 3*n + 3 + 4, -c = -5*n. Let f be (-21)/60*-92 + 1/c. Suppose -2 + 26 = 3*j. What is the highest common divisor of j and f?
8
Suppose 6*a - 5*a - 2 = 0. Suppose -32 = -k + a*s, 2*k = 7*k - s - 169. What is the highest common divisor of 102 and k?
34
Suppose 0 = 89*p - 77*p - 34272. Calculate the highest common divisor of 432 and p.
24
Let h be 3/33 - (-212049)/99. Calculate the highest common divisor of h and 378.
126
Let t be 2*86/4 - (-1 + 4). What is the greatest common factor of t and 824?
8
Let x(b) = 76*b + 49. Let y(i) = -226*i - 147. Let f(s) = 17*x(s) + 6*y(s). Let c be f(-3). What is the highest common divisor of c and 22?
11
Let g(w) = 3*w**2 + w - 2. Let k be g(-4). Suppose k - 34 = 2*o. Suppose -i = 2*d - 28, -2*d - 3*i + 40 = i. Calculate the greatest common factor of o and d.
4
Suppose 22*j + 1413 - 3987 = 0. What is the highest common factor of j and 4524?
39
Let f be 3*(((-330)/(-15) - 28) + 239 + 1). What is the highest common factor of f and 1512?
54
Suppose -89*k + 47*k + 2352 = 0. Let f be 6/(-21) - 3542/(-49). Calculate the highest common factor of f and k.
8
Let c(t) = 13 + 8 - 2 + 5*t + 3 - t**2. Let h be c(0). Suppose -h = -3*v - 7, -10 = -f + 5*v. What is the highest common factor of 14 and f?
7
Let d = -400 - -458. Suppose 6*o - 118 = 404. What is the highest common divisor of d and o?
29
Let l = -37227 - -37322. Calculate the highest common factor of 395 and l.
5
Let i(q) = q**2 - 11*q - 342. Let d be i(-14). What is the greatest common divisor of d and 3862?
2
Let l(b) = 2*b**3 - 15*b**2 + 6*b + 15. Let p be l(7). Suppose -x = p*x + 675. Let w = 150 + x. What is the highest common factor of 25 and w?
25
Suppose 3*c = 0, 5*p = 2*c + 311 + 4939. Let d be 4*-1 - p/(-15). Calculate the highest common divisor of 12 and d.
6
Let v = -456 - -973. What is the highest common divisor of 329 and v?
47
Let x = 190 + -398. Let z = -46 - x. Suppose 5*m = -3*c - 4 + 143, 4*c = -2*m + z. Calculate the highest common divisor of c and 152.
38
Suppose -5*b + 4 = -b. Suppose -530*o - 127*o = -19391 - 12802. What is the greatest common divisor of b and o?
1
Suppose 0 = -5*w - 4999 + 51679. Calculate the greatest common factor of 24 and w.
24
Let m = 150 - 148. Suppose -5*w + 44 = -w. Suppose 0 = w*f - 13*f + 32. What is the highest common divisor of f and m?
2
Suppose -44*u = -755 - 301. Let t = -53 - -89. What is the highest common factor of t and u?
12
Let b = -16 + 27. Suppose -3*n + 8*n = -15. Let m(z) = 4*z**2 - 6*z - 10. Let v be m(n). What is the highest common factor of v and b?
11
Suppose -121*t - 12 = -125*t. Suppose -5*k - 21 = -3*g, -t*k + 4 = 2*g - 10. What is the greatest common factor of g and 371?
7
Suppose -472*z = -476*z + 20. Let n = z + 6. Calculate the greatest common factor of 1 and n.
1
Suppose 18*o + 13 = t + 14*o, -o - 52 = -4*t. Let b be (65/10)/(1/14). Calculate the highest common divisor of b and t.
13
Let q be (-4)/(-18) + (-50)/(-18) + 2. Let k be (-2)/q + 1828/20 + 2. Let c = 128 - k. Calculate the greatest common factor of 5 and c.
5
Let d be ((-66)/10 - -3) + (-6)/15. Let u be (72/30)/(((-16)/20)/d). What is the highest common divisor of 12 and u?
12
Suppose 0*o - 4*o - t + 47 = 0, 4*t + 7 = -o. Let m = 756212 - 756160. What is the greatest common factor of m and o?
13
Let b be (-8 + (10 - -7))/((-3)/(-656)) - -7. Calculate the greatest common divisor of b and 316.
79
Let f(t) = -t**3 + 20*t**2 + 16*t + 115. Let u be f(21). Calculate the greatest common factor of 94 and u.
2
Let b(m) = -58*m + 94. Let z be b(-2). Suppose -232 = -7*k + 62. What is the greatest common divisor of k and z?
42
Let x(a) = -1 - 5 - 8 - 19*a. Let g be x(-7). Calculate the greatest common factor of 7 and g.
7
Suppose -5*d - 4*f = -4422, -3*d + 8*f + 2637 = 5*f. Let n = -806 + d. Calculate the highest common factor of 19 and n.
19
Let a = -9049 - -9163. What is the highest common divisor of 90 and a?
6
Suppose 4*h - 148 = -5*w, -8*w + 7*w = 5*h - 164. Suppose 214 = 3*s + 46. Calculate the highest common divisor of s and h.
8
Suppose 5*w - 5*r - 335 = 0, 5*r = -2*w - 0*r + 134. Let o = 100 - w. Let k = -6 + 17. Calculate the highest common factor of k and o.
11
Suppose -29*y - 39191 = -4*b - 28*y, y - 48991 = -5*b. Calculate the highest common factor of b and 138.
138
Suppose -776*c + 250751 + 168632 - 76391 = 0. Let h = 26 + -9. What is the highest common divisor of h and c?
17
Let o = 13 - 3. Let q be 15/o*(-12)/(-1). Suppose 23 = b + 5. Calculate the highest common divisor of q and b.
18
Suppose 119*d + 18*d = 822. What is the highest common divisor of 4458 and d?
6
Suppose 0 = -2*r + 2, -3*f - r + 193 = f. Let x be (f/(-15))/((-8)/160). What is the greatest common divisor of x and 256?
64
Let z = -2116 - -2134. Suppose 2*h - 270 = -7*h. Calculate the greatest common factor of h and z.
6
Let z be 108/(-2)*(-14)/42. Let v be (z/(-105)*5)/((-2)/392). Calculate the highest common factor of v and 72.
24
Let l be 2 + (-2 - (3 - 5)). Suppose -l*a + 1558 = 572. Calculate the highest common divisor of a and 17.
17
Let n = -3699 + 3729. Calculate the highest common divisor of n and 345.
15
Suppose 0 = 5*z + 3*m - 4983, 8*z - 4*z - 3982 = 2*m. Let f be (-48)/336 - (-1 - z/14). Calculate the highest common factor of 40 and f.
8
Let s = -231 - -366. Suppose s = -2*f + 5*f. Suppose 6*p = -2*d + 3*p + 22, 5*d - 29 = -p. What is the highest common divisor of d and f?
5
Suppose 3*j - o = 2*j + 2662, -5*o + 13390 = 5*j. What is the greatest common divisor of 285 and j?
15
Let v(o) = -o**3 + 16*o**2 + 31*o - 4. Let k be v(18). Let p = k - -98. Calculate the highest common divisor of p and 12.
4
Let b be 5 + 119/28 + 1/(-4). Suppose -24 - 12 = b*f. Let i be (46/f)/((-12)/24). Calculate the greatest common factor of i and 23.
23
Let u = -31 + 50. Suppose -3*l + 5*n + u = 2, -3*l = -4*n - 19. Suppose z = -3*q + 215, -3*q - 7*z = -2*z - 211. What is the highest common factor of q and l?
9
Let v = 3853 - 3835. Calculate the greatest common divisor of 242 and v.
2
Let a be (-120)/(-30) + 0/1. Suppose -2*b = -a*l + 908, -5*l - b = -647 - 474. Calculate the greatest common factor of 90 and l.
45
Suppose 31*g + 3172 = 75*g - 4792. Calculate the greatest common factor of 1991 and g.
181
Let i be -7*(1320/(-42))/11. What is the highest common divisor of 14230 and i?
10
Let b = 9640 + -8665. What is the greatest common factor of 45 and b?
15
Let z(x) = x**2 + 29*x + 157. Let c be z(-22). Suppose -b - 33 - 8 = -t, 2*b - 118 = -c*t. Calculate the highest common divisor of 40 and t.
40
Suppose -5*l - 1 = -3*x - 8, 0 = 5*l + 4*x - 14. Suppose 0*o - 482 = -l*w + 2*o, -2*o - 1208 = -5*w. Calculate the highest common divisor of 2 and w.
2
Suppose 7*c + 318 = 2733. Let y be ((-14)/10 - -2)*5 - -1. Suppose y*t = -6*h + h + 342, -5*h - 5*t = -c. What is the highest common divisor of h and 33?
33
Let d = 5583 + -5535. Calculate the grea